{"id":298,"date":"2023-10-31T19:05:39","date_gmt":"2023-10-31T18:05:39","guid":{"rendered":"https:\/\/www.drevenicaumateja.sk\/?page_id=298"},"modified":"2023-11-01T12:15:27","modified_gmt":"2023-11-01T11:15:27","slug":"ceny-obsadenost","status":"publish","type":"page","link":"https:\/\/www.drevenicaumateja.sk\/index.php\/ceny-obsadenost\/","title":{"rendered":"Ceny &#038; Obsadenos\u0165"},"content":{"rendered":"\n<p>Ceny sa pohybuj\u00fa v rozmedz\u00ed <strong>od 18 do 25\u20ac\/osoba\/noc<\/strong> (zavis\u00ed od po\u010dtu os\u00f4b a d\u013a\u017eky pobytu)<br><br>Pre kalend\u00e1r obsadenosti a ceny n\u00e1s pros\u00edm kontaktujte na:<\/p>\n\n\n\n<ul class=\"wp-block-list\">\n<li>\ud83d\udcde Telef\u00f3n: <a href=\"tel:+421903550884\" data-type=\"tel\" data-id=\"tel:+421903550884\">+421903550884<\/a><\/li>\n\n\n\n<li>\u2709\ufe0f Mail: <a href=\"mailto:drevenicaumateja@gmail.com\" data-type=\"link\" data-id=\"drevenicaumateja@gmail.com\">drevenicaumateja@gmail.com<\/a> <\/li>\n<\/ul>\n\n\n\n<p><\/p>\n\n\n\n<p><\/p>\n\n\n\n<p><\/p>\n\n\n\n<p><br><\/p>\n","protected":false},"excerpt":{"rendered":"<p>Ceny sa pohybuj\u00fa v rozmedz\u00ed od 18 do 25\u20ac\/osoba\/noc (zavis\u00ed od po\u010dtu os\u00f4b a d\u013a\u017eky pobytu) Pre kalend\u00e1r obsadenosti a ceny n\u00e1s pros\u00edm kontaktujte na:<\/p>\n","protected":false},"author":1,"featured_media":0,"parent":0,"menu_order":0,"comment_status":"closed","ping_status":"closed","template":"","meta":{"neve_meta_sidebar":"full-width","neve_meta_container":"","neve_meta_enable_content_width":"on","neve_meta_content_width":100,"neve_meta_title_alignment":"","neve_meta_author_avatar":"","neve_post_elements_order":"","neve_meta_disable_header":"","neve_meta_disable_footer":"","neve_meta_disable_title":"","footnotes":""},"class_list":["post-298","page","type-page","status-publish","hentry"],"aioseo_notices":[],"_links":{"self":[{"href":"https:\/\/www.drevenicaumateja.sk\/index.php\/wp-json\/wp\/v2\/pages\/298","targetHints":{"allow":["GET"]}}],"collection":[{"href":"https:\/\/www.drevenicaumateja.sk\/index.php\/wp-json\/wp\/v2\/pages"}],"about":[{"href":"https:\/\/www.drevenicaumateja.sk\/index.php\/wp-json\/wp\/v2\/types\/page"}],"author":[{"embeddable":true,"href":"https:\/\/www.drevenicaumateja.sk\/index.php\/wp-json\/wp\/v2\/users\/1"}],"replies":[{"embeddable":true,"href":"https:\/\/www.drevenicaumateja.sk\/index.php\/wp-json\/wp\/v2\/comments?post=298"}],"version-history":[{"count":6,"href":"https:\/\/www.drevenicaumateja.sk\/index.php\/wp-json\/wp\/v2\/pages\/298\/revisions"}],"predecessor-version":[{"id":320,"href":"https:\/\/www.drevenicaumateja.sk\/index.php\/wp-json\/wp\/v2\/pages\/298\/revisions\/320"}],"wp:attachment":[{"href":"https:\/\/www.drevenicaumateja.sk\/index.php\/wp-json\/wp\/v2\/media?parent=298"}],"curies":[{"name":"wp","href":"https:\/\/api.w.org\/{rel}","templated":true}]}}

Ceny &#038; Obsadenosť

<p>Ceny sa pohybujú v rozmedzí <strong>od 18 do 25€/osoba/noc</strong> (zavisí od počtu osôb a dĺžky pobytu)<br><br>Pre kalendár obsadenosti a ceny nás prosím kontaktujte na:</p>



<ul class="wp-block-list">
<li>📞 Telefón: <a href="tel:+421903550884" data-type="tel" data-id="tel:+421903550884">+421903550884</a></li>



<li>✉️ Mail: <a href="mailto:drevenicaumateja@gmail.com" data-type="link" data-id="drevenicaumateja@gmail.com">drevenicaumateja@gmail.com</a> </li>
</ul>



<p></p>



<p></p>



<p></p>



<p><br></p>

<p>Ceny sa pohybujú v rozmedzí od 18 do 25€/osoba/noc (zavisí od počtu osôb a dĺžky pobytu) Pre kalendár obsadenosti a ceny nás prosím kontaktujte na:</p>
